 a factor of 1303?
False
Is 170 a multiple of 17?
True
Does 6 divide 2910?
True
Is 48 a factor of 4815?
False
Does 148 divide 32574?
False
Is 24450 a multiple of 242?
False
Is 175 a factor of 2625?
True
Is 44 a factor of 3388?
True
Does 4 divide 239?
False
Is 89 a factor of 90488?
False
Is 4970 a multiple of 71?
True
Does 2 divide 217?
False
Is 384 a multiple of 8?
True
Does 12 divide 44856?
True
Is 18 a factor of 17695?
False
Does 65 divide 2145?
True
Is 5 a factor of 275?
True
Is 800 a multiple of 16?
True
Is 18158 a multiple of 89?
False
Is 22930 a multiple of 23?
False
Does 67 divide 870?
False
Is 887 a multiple of 7?
False
Does 13 divide 113?
False
Does 78 divide 11700?
True
Does 28 divide 68460?
True
Is 4620 a multiple of 22?
True
Is 4 a factor of 4299?
False
Is 12 a factor of 3576?
True
Is 20176 a multiple of 89?
False
Does 367 divide 96803?
False
Does 77 divide 8701?
True
Is 16 a factor of 36182?
False
Is 10388 a multiple of 14?
True
Does 27 divide 231?
False
Is 15 a factor of 9616?
False
Is 47 a factor of 188?
True
Is 31 a factor of 666?
False
Is 2 a factor of 4228?
True
Is 764 a multiple of 14?
False
Is 29 a factor of 177?
False
Is 29680 a multiple of 213?
False
Is 3726 a multiple of 13?
False
Does 48 divide 960?
True
Does 24 divide 6504?
True
Is 6 a factor of 372?
True
Does 5 divide 95?
True
Is 912 a multiple of 19?
True
Is 1220 a multiple of 20?
True
Is 15 a factor of 855?
True
Is 125180 a multiple of 110?
True
Does 82 divide 4308?
False
Is 150 a multiple of 75?
True
Is 206 a multiple of 63?
False
Is 110 a factor of 7810?
True
Does 7 divide 553?
True
Does 32 divide 8907?
False
Is 38 a factor of 950?
True
Is 1144 a multiple of 13?
True
Does 9 divide 519?
False
Is 2944 a multiple of 46?
True
Is 92 a factor of 27508?
True
Does 20 divide 940?
True
Does 16 divide 1536?
True
Is 24 a factor of 12083?
False
Is 37337 a multiple of 132?
False
Is 2032 a multiple of 31?
False
Is 2494 a multiple of 29?
True
Does 88 divide 123541?
False
Is 2625 a multiple of 125?
True
Is 7 a factor of 1512?
True
Is 51 a factor of 2004?
False
Is 780 a multiple of 13?
True
Does 32 divide 1290?
False
Is 17 a factor of 336?
False
Is 104 a factor of 1425?
False
Is 41 a factor of 1968?
True
Is 33 a factor of 2112?
True
Does 130 divide 10176?
False
Does 2 divide 2377?
False
Is 1032 a multiple of 24?
True
Is 69 a multiple of 4?
False
Is 22043 a multiple of 47?
True
Does 48 divide 576?
True
Is 4080 a multiple of 40?
True
Is 15 a factor of 3105?
True
Does 10 divide 70?
True
Does 19 divide 13870?
True
Does 12 divide 4369?
False
Is 94 a multiple of 3?
False
Is 483 a multiple of 23?
True
Is 144 a multiple of 18?
True
Is 14 a factor of 147?
False
Is 78 a multiple of 6?
True
Is 78 a factor of 18798?
True
Is 20 a factor of 6420?
True
Is 513 a multiple of 2?
False
Is 2 a factor of 3352?
True
Is 164 a multiple of 8?
False
Is 23 a factor of 1543?
False
Is 131 a factor of 3013?
True
Does 28 divide 367?
False
Does 158 divide 19627?
False
Does 15 divide 604?
False
Is 2360 a multiple of 118?
True
Does 4 divide 208?
True
Is 33 a factor of 86725?
False
Is 52659 a multiple of 12?
False
Is 7 a factor of 12691?
True
Is 63 even?
False
Does 67 divide 469?
True
Is 17 a factor of 8011?
False
Is 466 even?
True
Is 83 a factor of 913?
True
Is 49 a factor of 2547?
False
Is 4158 a multiple of 8?
False
Is 26 a factor of 9256?
True
Does 102 divide 906?
False
Is 9 a factor of 1019?
False
Is 3 a factor of 2454?
True
Is 9 a factor of 16525?
False
Does 127 divide 10189?
False
Is 3210 a multiple of 4?
False
Does 51 divide 23584?
False
Does 145 divide 435?
True
Is 2005 a multiple of 110?
False
Is 500 a multiple of 43?
False
Is 90 a factor of 9135?
False
Is 10 a factor of 165?
False
Is 2737 even?
False
Is 801 a multiple of 13?
False
Does 8 divide 680?
True
Is 5627 a multiple of 76?
False
Does 6 divide 756?
True
Does 22 divide 16016?
True
Is 18 a factor of 13546?
False
Does 19 divide 7630?
False
Is 12070 a multiple of 5?
True
Is 2879 a multiple of 13?
False
Is 19 a factor of 1520?
True
Is 97 a factor of 7663?
True
Does 41 divide 1323?
False
Is 51 a factor of 2932?
False
Is 7 a factor of 182?
True
Does 8 divide 168?
True
Does 13 divide 201?
False
Does 13 divide 28114?
False
Is 920 a multiple of 20?
True
Does 13 divide 4745?
True
Is 5 a factor of 1530?
True
Is 61920 a multiple of 360?
True
Is 66 a factor of 1798?
False
Does 72 divide 936?
True
Is 5 a factor of 3760?
True
Is 47 a factor of 3854?
True
Does 34 divide 615?
False
Does 11 divide 23705?
True
Does 92 divide 1737?
False
Does 28 divide 532?
True
Is 405 a multiple of 9?
True
Does 6 divide 234?
True
Is 8399 a multiple of 105?
False
Does 13 divide 702?
True
Is 87 a factor of 60291?
True
Is 12 a factor of 6444?
True
Is 220 a multiple of 7?
False
Is 363 a multiple of 33?
True
Is 8400 a multiple of 60?
True
Does 14 divide 6085?
False
Does 9 divide 362?
False
Does 100 divide 3200?
True
Does 4 divide 193?
False
Is 29 a factor of 1160?
True
Is 17458 a multiple of 14?
True
Is 74 a factor of 17464?
True
Does 9 divide 11619?
True
Is 7497 a multiple of 119?
True
Does 84 divide 9408?
True
Does 15 divide 1024?
False
Does 50 divide 1200?
True
Is 395 a multiple of 8?
False
Is 77 a factor of 93996?
False
Is 46 a factor of 5669?
False
Is 296 a factor of 45275?
False
Is 19 a factor of 3579?
False
Is 155 a factor of 65001?
False
Does 11 divide 374?
True
Is 496 a multiple of 16?
True
Is 289 a multiple of 17?
True
Does 11 divide 990?
True
Does 15 divide 1983?
False
Is 2313 a multiple of 15?
False
Is 23 a factor of 5727?
True
Is 80 a factor of 4160?
True
Is 533 a multiple of 13?
True
Is 444 a multiple of 6?
True
Does 38 divide 74635?
False
Is 39 a factor of 137215?
False
Does 11 divide 10351?
True
Does 24 divide 3384?
True
Is 23 a factor of 3955?
False
Does 11 divide 1245?
False
Is 9 a factor of 381?
False
Is 34 a factor of 7038?
True
Does 14 divide 99274?
True
Is 2812 a multiple of 76?
True
Is 915 a multiple of 7?
False
Is 10660 a multiple of 41?
True
Does 17 divide 494?
False
Is 18795 a multiple of 35?
True
Does 4 divide 289?
False
Does 129 divide 129?
True
Does 213 divide 12993?
True
Is 79 a factor of 2014?
False
Is 149 a multiple of 11?
False
Is 318 a multiple of 3?
True
Is 6000 a multiple of 20?
True
Is 20 even?
True
Does 6 divide 4524?
True
Is 72 a factor of 1160?
False
Is 30429 a multiple of 161?
True
Does 103 divide 920?
False
Is 11 a factor of 627?
True
Is 45 even?
False
Is 61869 a multiple of 123?
True
Is 847 a multiple of 137?
False
Does 25 divide 1250?
True
Does 10 divide 8079?
False
Is 6040 a multiple of 4?
True
Is 413 a multiple of 41?
False
Does 16 divide 461?
False
Does 2 divide 408?
True
Is 1049 a multiple of 27?
False
Does 25 divide 325?
True
Is 12 a multiple of 6?
True
Is 72537 a multiple of 217?
False
Is 33 a factor of 12639?
True
Does 5 divide 76?
False
Does 123 divide 7257?
True
Is 6 a factor of 4846?
False
Is 12 a factor of 9421?
False
Is 49 a factor of 10296?
False
Is 172 a multiple of 2?
True
Does 9 divide 7191?
True
Is 5130 a multiple of 114?
True
Is 1645 a multiple of 12?
False
Does 7 divide 449?
False
Does 15 divide 181?
False
Does 94 divide 13880?
False
Does 63 divide 1609?
False
Does 9 divide 2852?
False
Is 130 a multiple of 13?
True
Does 18 divide 1566?
True
Does 5 divide 3520?
True
Is 9846 a multiple of 2?
True
Does 11 divide 17127?
True
Does 3 divide 37?
False
Is 2087 a multiple of 14?
False
Is 27 a factor of 501?
False
Is 580 a multiple of 58?
True
Does 14 divide 3164?
True
Is 38 a factor of 383?
False
Is 5 a factor of 5754?
False
Is 19 a factor of 45182?
True
Is 8 a factor of 23801?
False
Does 2 divide 28?
True
Is 3809 a multiple of 13?
True
Is 11 a factor of 505?
False
Does 108 divide 7560?
True
Is 2 a factor of 62?
True
Is 1302 a multiple of 6?
True
Does 17 divide 22100?
True
Is 28 a factor of 126812?
True
Is 38399 a multiple of 63?
False
Is 1275 a multiple of 78?
False
Does 21 divide 861?
True
Does 9 divide 75?
False
Is 9 a factor of 1761?
False
Does 18 divide 10260?
True
Is 23 a factor of 5221?
True
Is 8659 a multiple of 154?
False
Is 120 a multiple of 60?
True
Is 11 a factor of 2974?
False
Does 54 divide 21006?
True
Is 35 a factor of 805?
True
Is 15 a factor of 412?
False
Does 7 divide 638?
False
Does 25 divide 5325?
True
Is 8405 a 